{"id":9,"date":"2015-10-08T17:36:48","date_gmt":"2015-10-08T17:36:48","guid":{"rendered":"http:\/\/pontuallider.com.br\/?page_id=9"},"modified":"2015-10-08T17:36:48","modified_gmt":"2015-10-08T17:36:48","slug":"vantagens","status":"publish","type":"page","link":"http:\/\/pontuallider.com.br\/?page_id=9","title":{"rendered":"Vantagens"},"content":{"rendered":"<p><strong>Vantagens da terceiriza\u00e7\u00e3o<\/strong><\/p>\n<ul>\n<li>Limpeza minuciosa, com aten\u00e7\u00e3o aos detalhes.<\/li>\n<li>Seguran\u00e7a.<\/li>\n<li>Fidelidade profissional<\/li>\n<li>Profissional volante para suprir faltas em casos de necessidade.<\/li>\n<li>Valores mais atrativos do que os encontrados no mercado informal.<\/li>\n<li>Sem complica\u00e7\u00f5es relacionadas \u00e0s legisla\u00e7\u00f5es trabalhistas.<\/li>\n<li>Cumprimento integral do hor\u00e1rio contratado.<\/li>\n<\/ul>\n","protected":false},"excerpt":{"rendered":"<p>Vantagens da terceiriza\u00e7\u00e3o Limpeza minuciosa, com aten\u00e7\u00e3o aos detalhes. Seguran\u00e7a. Fidelidade profissional Profissional volante para suprir faltas em casos de necessidade. Valores mais atrativos do que os encontrados no mercado informal. Sem complica\u00e7\u00f5es relacionadas \u00e0s legisla\u00e7\u00f5es trabalhistas. Cumprimento integral do &hellip; <a href=\"http:\/\/pontuallider.com.br\/?page_id=9\">Continue lendo <span class=\"meta-nav\">&rarr;<\/span><\/a><\/p>\n","protected":false},"author":1,"featured_media":0,"parent":0,"menu_order":2,"comment_status":"closed","ping_status":"closed","template":"","meta":{"footnotes":""},"_links":{"self":[{"href":"http:\/\/pontuallider.com.br\/index.php?rest_route=\/wp\/v2\/pages\/9"}],"collection":[{"href":"http:\/\/pontuallider.com.br\/index.php?rest_route=\/wp\/v2\/pages"}],"about":[{"href":"http:\/\/pontuallider.com.br\/index.php?rest_route=\/wp\/v2\/types\/page"}],"author":[{"embeddable":true,"href":"http:\/\/pontuallider.com.br\/index.php?rest_route=\/wp\/v2\/users\/1"}],"replies":[{"embeddable":true,"href":"http:\/\/pontuallider.com.br\/index.php?rest_route=%2Fwp%2Fv2%2Fcomments&post=9"}],"version-history":[{"count":0,"href":"http:\/\/pontuallider.com.br\/index.php?rest_route=\/wp\/v2\/pages\/9\/revisions"}],"wp:attachment":[{"href":"http:\/\/pontuallider.com.br\/index.php?rest_route=%2Fwp%2Fv2%2Fmedia&parent=9"}],"curies":[{"name":"wp","href":"https:\/\/api.w.org\/{rel}","templated":true}]}}